 -u - 4, 3*u = 2*p + 11 - 2. Suppose p*o - 3681 = 2*o - 4*q, 5*q - 20 = 0. Is o a prime number?
False
Let f(p) = -2*p + 32. Let d be f(17). Is 669/d*10/(-15) composite?
False
Let v = -279 - -67. Let o = v - -903. Is o prime?
True
Let l = -10220 - -17167. Is l composite?
False
Suppose 3*h = -h - 12. Let n(b) = -19*b + 1. Let a be n(h). Is (-2 + 1)/(-1) + a a composite number?
False
Let s(r) = 219*r + 127. Is s(6) composite?
True
Suppose -3*p = -12*p + 13833. Is p prime?
False
Let a = -110 - -251. Let u be -4 + a + 6/2. Suppose 2*n - u = 90. Is n a composite number?
True
Let d(w) = 8*w - 14*w - 13 - 18*w + 0*w. Is d(-6) composite?
False
Let p = 48 - 42. Suppose -p*q = 5*q - 30327. Is q prime?
False
Is (-4)/(-6)*(-504264)/(-16) prime?
True
Let q = -1643 - -3696. Is q a composite number?
False
Let k be 4/6 + 117/27. Suppose -2 + 22 = k*c. Suppose -2*t + 348 = c*x - 0*x, -3*t + 514 = 4*x. Is t a prime number?
False
Let f(v) = 7*v - 39. Let q be f(6). Suppose 0 = 3*h + d - 1693, -1110 = h - q*h + 4*d. Is h a composite number?
False
Let h be ((-7)/(-4))/(1/(-4)). Let w(l) = 2 + 0 - 87*l + 2 + 62*l. Is w(h) a composite number?
False
Let l(d) = 256*d + 59. Let z be l(29). Is -2 - 4/((-4)/z) prime?
True
Suppose 4*a - 27 + 7 = 0. Suppose 4*q - 1414 = a*o, -q = -0*o - 2*o - 352. Suppose q = -0*c + 4*c. Is c composite?
False
Let x(p) be the second derivative of -512*p**3/3 + 11*p**2/2 + 34*p. Is x(-2) prime?
False
Let z(c) = -2*c**2 + 3*c - 1. Let h be z(0). Let v(g) be the first derivative of -15*g**2 + g + 1. Is v(h) prime?
True
Let q = -10210 - -18937. Is q a composite number?
True
Suppose 0 = -16*w + 13*w + 669. Is w a composite number?
False
Let k(b) = 45*b**2 + 22*b + 23. Is k(8) a composite number?
False
Let j = 8 - 4. Suppose 6*q - 506 = j*q. Is q composite?
True
Let v = 25532 - 14163. Is v composite?
False
Let y(z) = z**2 - z + 1. Let i be y(-1). Suppose -i*w + 502 = -w. Is w composite?
False
Let r = -70 + 73. Suppose 3*z - 2*z = -f + 2177, 5*f = r*z - 6499. Is z prime?
False
Let g(a) = 3*a**2 - 12*a + 6. Let u = -1 + 12. Let o be g(u). Suppose 0 = 5*y - 488 - o. Is y a composite number?
True
Let z = -16 + 18. Suppose -3*g + 511 = z*y, 29 = g + 4*y - 138. Suppose -3*b + g = -87. Is b a prime number?
False
Suppose -6*t - 19023 = -23*t. Is t a prime number?
False
Let y be 1/2 + (-6)/4. Let v be 2*y - (-1 - 419). Let j = v - 291. Is j composite?
False
Is 456/18*555/20 a prime number?
False
Suppose -o = -0*o - 3. Suppose 186 = 2*j + 4*a, -39 = o*j + 5*a - 313. Is j a prime number?
True
Let s(m) = 14*m**2 - 39*m + 3. Is s(8) a composite number?
False
Suppose -28*p + 14*p = -52066. Is p prime?
True
Let z(s) = -4*s + 2. Let b(t) = -t**2 - 11*t - 15. Suppose 2*a + 1 + 19 = 0. Let c be b(a). Is z(c) a composite number?
True
Let l = -148 - -254. Let x be (-2 - -4)*9/6. Suppose 4 + 72 = s - 3*f, x*f = -s + l. Is s composite?
True
Let t = 4905 - -23276. Is t composite?
False
Let h = -8 - 0. Let s = 19 + h. Is s prime?
True
Suppose 5*h = -0 + 20. Suppose -3*w = -0*r + h*r - 331, -2*r + 4*w + 182 = 0. Is r composite?
True
Is (120/96)/(3/152436) composite?
True
Let n(m) = m**3 - 2*m**2 - 152. Let c be n(0). Let h = 439 + c. Is h a composite number?
True
Let f(m) = 130*m**2 - 6 - m + 1 + 3. Suppose l - 10 = -4*x - 7, -4*l - 6 = -2*x. Is f(l) prime?
False
Suppose 2*u + 2751 = 18385. Is u composite?
False
Suppose 5 = 2*m + 1. Suppose -r = 2*u - 296, -m*r - 823 = -4*u - 223. Is u composite?
False
Suppose 4*p = -0*p. Suppose 70*s - 256 = 6*s. Suppose -s*x + 508 = -p*x. Is x a composite number?
False
Let z be 90/72 - 6/(-8). Suppose -130 = z*j - 3*j - 3*v, 2*j + 5*v - 259 = 0. Is j a composite number?
False
Suppose -4*d - 30 = -9*d. Suppose x + d = 3*j, -3*j + j - 3*x + 4 = 0. Suppose -j*u - 182 = -720. Is u a prime number?
True
Suppose 5*q = 4*k - 8, -10 = -5*k + 7*q - 3*q. Suppose -5*j + 0*r + 5760 = -5*r, 3*j = k*r + 3455. Is j composite?
False
Let j(l) = 9*l - l**3 + 21*l**2 + 12 - 5 - 25*l**2. Let d be j(-6). Let u = d - -10. Is u a composite number?
True
Let m = 976 + -1674. Let r = 1355 - m. Is r a prime number?
True
Let g(k) = 3*k - 1. Let y be g(2). Suppose 4*a - y*a + 3 = 0. Suppose 2*d + 3*b + 572 = a*d, 1179 = 2*d + b. Is d a composite number?
False
Let x(l) = -2*l + 8. Let i be x(4). Suppose 5*s - 9176 + 3781 = i. Is s prime?
False
Suppose 3*p - 5*n = 106, 4*p + 3*n = n + 98. Suppose -2*w + 406 = 4*f, 4*f = 3*w - 592 - p. Is w a composite number?
True
Is -1 + -1 + 0/(-1) + 30309 a prime number?
True
Suppose -725758 = 251*r - 273*r. Is r composite?
True
Let z be ((-2)/2)/(3/(-12)). Suppose 17 = -2*k + 5*k - 2*d, 0 = z*k + 2*d - 18. Suppose -k*u + 3*c + 2299 = -418, -4 = c. Is u a composite number?
False
Let u(i) = -4*i + 7. Let x be u(4). Is (-1)/(-1)*(-8 - x)*1501 prime?
False
Let j be -3 + (2 - (-6)/(2/1)). Suppose 4*d - 2492 = 2*x, -4*x + 1018 + 228 = j*d. Is d prime?
False
Let a(l) = -l**3 + 5*l**2 + 7*l - 2. Let k be a(6). Suppose -4*h - h = k*y - 1767, 2*h + 2*y = 706. Let p = h - 194. Is p a prime number?
False
Suppose -3*t = 5*w - 873, -3*t + 4*w + 873 = 6*w. Let y = 782 - t. Is y prime?
True
Suppose -2*z + 25 = 3*x + 2*z, -4*x + z + 27 = 0. Suppose 0 = -x*c + 13 - 34. Is (-1)/c*(399 - -3) prime?
False
Let t(x) be the second derivative of -9*x**5/20 - 2*x**4/3 - 5*x**3/3 + 4*x**2 - 4*x. Is t(-5) a prime number?
True
Suppose i + z = 9866, 0 = 4*i + 8*z - 13*z - 39509. Is i a composite number?
False
Suppose -5*u + 3*k + 851 = 0, 3*u + k = 707 - 202. Let z = u + 472. Is z a composite number?
False
Let c = -3564 - -5057. Suppose 5*s + 20 = s, 4*s + c = 3*k. Is k prime?
True
Suppose 4*a + 27483 = d - 25458, 1 = a. Is d a composite number?
True
Suppose 0 = -2*f + 4*d - 9*d + 1927, 4809 = 5*f + 4*d. Suppose -2*a + 1267 = -f. Is a prime?
False
Let x(h) = -41*h + 1. Let f = -23 - -26. Suppose 4*s + w = -4, -2*w + 0*w = f*s - 2. Is x(s) prime?
True
Let k(j) = -20*j**3 + 30*j**3 - 100*j**3 + 1 - 2*j**2. Let v be k(1). Is 2670/14 + (-26)/v composite?
False
Let k be (-48)/(-9)*822/8. Suppose 2*o = -34 + k. Is o prime?
True
Suppose 32*y - 67634 - 26798 = 0. Is y prime?
False
Suppose 5*s + q = -q - 70, 4*s = -q - 59. Let m be (0 + 373)/(6/(-12)). Is (s - -12)*m/8 composite?
False
Let l be (-4 - (-1 - 2))*-4. Suppose l*t - 6*t - 17214 = 0. Is t/(-27) + 2/9 a prime number?
False
Suppose -5 = -5*c - 30, c = -3*p - 11. Is p/(((-4)/10)/(95/25)) a prime number?
True
Let m = 524 - 261. Is m composite?
False
Is (-1)/(10/(-7665)) - (-5)/2 composite?
False
Let i be (209/(-33))/(1/3). Let q = i - -23. Is (1 - 1085/q)*-4 a composite number?
True
Let v = -38 - -40. Suppose 3*p + 2222 = 4*d + p, v*d - 1117 = -p. Is d a prime number?
True
Let u = -146 - -244. Let j be ((-6)/(-9) - 1)/(2/(-30)). Suppose -5*x + u = -j*v - 92, -5*x + 150 = 3*v. Is x prime?
False
Let d(v) = 3*v**3 + 5*v**2 + 3*v + 5. Suppose -26 = 5*w - 6, -p = 2*w + 2. Is d(p) prime?
False
Let m(x) = -7 - 5 + 5 - 2*x + 16*x**2. Is m(3) a prime number?
True
Let p(s) = 3*s**2 + s - 7 - s + 6. Let d = -5 + 13. Is p(d) a composite number?
False
Let n(v) be the second derivative of -5*v**3 - 11*v**2/2 - 20*v. Is n(-9) composite?
True
Is (-25268)/(2 - (-7 - -13)) a composite number?
False
Is 1073742/42 + (-10)/35 a prime number?
False
Suppose 2*n = -r - 12, -5*n - 2*r - 32 = r. Let t(m) = 2*m**2 + 2*m - 9. Is t(n) composite?
True
Suppose 3*t = s - t - 4992, 9999 = 2*s - 3*t. Suppose -11*q + s = -4643. Is q a composite number?
False
Suppose -10367 = 9*c - 16*c. Is c prime?
True
Let w be (-2)/(-6) + (-18)/(-27). Let f(k) = 2857*k**3 + k**2 - 2*k + 1. Is f(w) a prime number?
True
Suppose r = 5*v + 5*r + 2, -v = 4*r + 10. Let h be 150/35 - v/7. Suppose -h*s + z + 141 = 0, -2*s + 5*s - 108 = 3*z. Is s composite?
True
Let u(l) = l**3 - 12*l**2 - 9*l - 14. Let y be -1 - (-60)/(-8)*-2. Let j be u(y). Let m = 655 - j. Is m composite?
True
Suppose -14*t + 11*t - 2154 = 0. Let d = t - -1391. Is d a prime number?
True
Let j(c) = 2388*c - 209. Is j(6) a composite number?
True
Let j(k) = -k**2 + 13*k - 4. Let x be j(7). Suppose -g + x = -36. Is g a prime number?
False
Let g = -71376 + 106883. Is g prime?
True
Let o(m) = 242*m**3 + 2*m**2 + m - 1. Suppose 0 = 4*l - 4*d + 8, 3*l + 2 = -0*l + 2*d. Is o(l) composite?
True
Let s(f) =